s the greatest common divisor of 4 and b?
4
Let n = -12 + 17. Calculate the greatest common divisor of 10 and n.
5
Suppose -139 - 59 = -3*m. What is the greatest common divisor of m and 6?
6
Let h(g) = -2 + 40*g + 0 + 2. Let o be h(1). What is the highest common divisor of o and 16?
8
Suppose 5*n = 311 + 189. What is the highest common divisor of 25 and n?
25
Let q(g) = -2*g**2 - 5*g + 1. Let k be q(-4). Let v = k - -26. Calculate the highest common divisor of v and 15.
15
Let m(q) = -81*q - 1. Let k be m(-1). Suppose 559 - 61 = 3*c. Suppose -3*b - c = -5*i, 2*b - 4*b - 4 = 0. What is the greatest common factor of i and k?
16
Let b(r) = -3*r**2 + 31*r - 4. Let w be b(10). What is the highest common factor of 36 and w?
6
Let h be ((-2)/2 - -3) + 22. Calculate the highest common factor of 6 and h.
6
Let x(w) = 2*w + 6. Let j be x(1). What is the greatest common divisor of 20 and j?
4
Let c(q) = q**2 - 11*q - 11. Let w be c(12). What is the highest common divisor of 5 and w?
1
Let o = -37 + 6. Let n = o - -61. Let v(a) = -a**3 - 6*a**2 - 6*a + 5. Let i be v(-5). Calculate the highest common factor of i and n.
10
Let v be (-16)/4 - -30 - -4. What is the greatest common divisor of v and 270?
30
Let f = -23 - -26. What is the greatest common divisor of f and 21?
3
Let a(x) = -5*x - 2. Let k be a(-1). What is the highest common factor of 18 and k?
3
Suppose -2*d = -77 + 5. Let o be (18/(-12))/((-2)/d). What is the greatest common factor of 3 and o?
3
Let f = 129 - 67. What is the greatest common divisor of f and 31?
31
Suppose -2*n - 6 + 28 = 0. Let f be 43/4 + 2/8. Calculate the highest common factor of f and n.
11
Let z(o) = 7*o - 1. Let b be z(7). Suppose 3*v + 4*i = 10, -13 = 4*i - 5. What is the greatest common divisor of v and b?
6
Suppose -5*a - 3*a + 40 = 0. Suppose -8*d + 5 = -3*d. What is the greatest common factor of a and d?
1
Suppose k = -4*s - 2 - 1, 0 = 2*k - 5*s - 20. Calculate the highest common divisor of 5 and k.
5
Let r(d) = -d**2 - 8*d + 9. Let s(w) = -w**2 + w + 1. Let l(p) = -r(p) + 2*s(p). Let z be l(8). Calculate the greatest common factor of z and 27.
9
Suppose -3*f + 25 = -2*q, 5*q + 38 - 7 = 3*f. Let z be (-132)/14*f*-3. Let m be (-6 - -5)*(1 - 19). Calculate the greatest common factor of m and z.
18
Suppose -4*i + 4*g + 292 = 0, 2*g + 80 - 11 = i. Calculate the highest common factor of 11 and i.
11
Let c(g) = -3*g**2 + 2*g. Let v be c(4). Let n = v - -260. Suppose 5*x = -o + 81 + 143, 5*o = -5*x + n. Calculate the greatest common factor of 15 and x.
15
Let s(q) = -12*q + 2. Suppose -v + 17 = -2*v. Let f(i) = 36*i - 5. Let a(u) = v*s(u) - 6*f(u). Let j be a(-6). What is the highest common divisor of 17 and j?
17
Let g(o) = -o**2 - 5*o - 4. Let w be g(-5). Let l be (-1 - 11)*18/w. Calculate the highest common divisor of l and 6.
6
Suppose -2050 = -5*r + 2*j + 3*j, 0 = -2*r + 3*j + 825. Suppose p = -2*p + r. Let t = 198 - p. What is the greatest common factor of t and 9?
9
Let l(a) = 3*a + 5. Let z be l(7). Suppose -4*w + 2*s - z = 0, 4*s = 4*w + 5*s + 23. Let x = w - -7. What is the greatest common divisor of x and 1?
1
Suppose 5*u = u. Suppose 2*d = -2*k - u*d + 58, 5*k - 151 = d. Calculate the greatest common factor of k and 10.
10
Suppose 2*j = 17 + 35. Suppose -2*f + 369 + 36 = -3*p, -4*f + 4*p + 800 = 0. Suppose 6*r - r = f. What is the highest common divisor of j and r?
13
Let j be 4 + 12/4 + -2. What is the greatest common divisor of j and 1?
1
Let d = -19 - -13. Let j be ((-2)/d)/(8/432). Let v be 1 - -1*(-2)/(-2). What is the highest common divisor of j and v?
2
Suppose 174 = -4*r + 7*r + 4*a, 2*r = -5*a + 123. What is the greatest common divisor of r and 6?
6
Let b be 378/10 - 1/(-5). Let d = b + -14. Let x = 28 + -16. What is the greatest common factor of d and x?
12
Suppose -5*g + 0*g = -60. Calculate the highest common divisor of g and 60.
12
Let b(a) = a**3 - 3*a**2 + 4*a - 2. Let q be b(2). Suppose 3*c - 66 = -q*r - r, 0 = 4*c + r - 79. What is the highest common divisor of 171 and c?
19
Let p(c) = 24*c + 1. Let j be (-54)/(-15) + (-4)/(-10). Let z be (-3)/2*j/(-6). Let n be p(z). Calculate the highest common divisor of 10 and n.
5
Suppose -4*o = 2*b - 14, -4*b + 5 - 49 = -4*o. Let d = 4 + o. What is the greatest common divisor of d and 10?
10
Suppose 2*b - 6 = 12. Suppose 8*a - 10*a = -2. What is the highest common factor of a and b?
1
Let m = -6 + 13. Suppose -4*f - 2*i = 14, -2*f + 2 = -2*i - 0*i. Let q be (-1 + 0)/(2/f). What is the greatest common divisor of q and m?
1
Let i = 17 - 6. Suppose -i = -2*f + 29. What is the highest common divisor of f and 10?
10
Let n(v) = 2*v - 7. Let s be n(17). Calculate the greatest common factor of s and 108.
27
Suppose 26 = i + i. Let v(c) = -12*c - 4. Suppose j = 2*j + 9. Let o be v(j). What is the greatest common factor of o and i?
13
Let x = 22 + -16. Let s(b) = -b**2 + 3*b - 1. Let h be s(2). Suppose -4*u - 3*d = -162, -d - 3 = -h. Calculate the greatest common factor of u and x.
6
Let o(a) be the second derivative of -4*a**3/3 + 9*a**2/2 - 2*a. Suppose 7 = 4*c + 35. Let s be o(c). Calculate the highest common divisor of 26 and s.
13
Let n be (12/(-7))/((-2)/7). Suppose 0 = v - 4*v + 18. Suppose -v = -n*y + 4*y. Calculate the highest common divisor of 33 and y.
3
Let p be -2 + -2 - (-2 - -3 - 221). Calculate the highest common divisor of p and 24.
24
Suppose -3*j + 45 = -2*r, -4*r - 64 = -3*j - 19. Let w be (-2 + 0)*((-15)/(-6) - 4). Calculate the highest common divisor of w and j.
3
Suppose 2*b - 8 = 0, 2*p - 244 = 2*b - 3*b. What is the greatest common factor of p and 15?
15
Let l be 1 - ((0 - 0) + -2). Suppose -1 - l = -2*y. Let r be (y/(-6))/((-1)/27). Calculate the greatest common factor of 72 and r.
9
Let y be -1 + -4 + 3 + 30. Suppose -2*m = -5*k - 18, 4*k - 11 = -5*m + 1. What is the greatest common factor of m and y?
4
Let n(i) = -i**2 + 8*i + 3. Suppose 4*z = -z + 40. Let u be n(z). Suppose -59 - 31 = -u*m. What is the highest common factor of 12 and m?
6
Let w(j) = 5*j - 13. Let o be w(4). What is the greatest common divisor of 7 and o?
7
Let x(c) = 3*c**2 - 2*c. Let p be x(3). What is the highest common divisor of 63 and p?
21
Suppose 2*k = 3*u - 2*k - 19, -5*u - 4*k = 11. Calculate the greatest common divisor of 7 and u.
1
Suppose -5*k + 2*h = -338, -2*h + 52 = k - 18. Suppose 4*d + k = -0*t + 5*t, -t + 4*d = -4. Let o = -38 - -54. Calculate the greatest common factor of t and o.
16
Suppose 5*n - 182 = g, -2*n + 3*n + 2*g = 32. Calculate the highest common factor of 9 and n.
9
Suppose -3*s + 88 = -332. Suppose 0 = -5*w - 5*r - 150, 6*r - 2*r = 4. Let j = w - -51. Calculate the greatest common factor of s and j.
20
Suppose 10*w - 186 = 84. What is the highest common factor of w and 9?
9
Let g = 52 - -102. Suppose g = b + b. What is the greatest common divisor of b and 7?
7
Let u(l) = -l**3 - 4*l**2 - l. Let m be u(-4). Suppose 2*z - k = -2*z + 45, -42 = -m*z - 2*k. What is the highest common divisor of 99 and z?
11
Let k be 3 - (681/(-7) + (-6)/(-21)). Calculate the highest common divisor of k and 20.
20
Let v(b) = -b**3 - 5*b**2 - 5*b - 2. Let x be v(-4). Let l = 6 + x. Calculate the greatest common factor of l and 64.
8
Let i be 2/(-6) + (-362)/(-6). Let w(u) = -2*u. Let t = 8 - 20. Let c be w(t). Calculate the greatest common factor of c and i.
12
Let d be (-4)/14 - (-232)/28. Let y(u) = 3*u**2 + 3*u + 4. Let z be y(-4). What is the greatest common factor of d and z?
8
Let j be 5/(-2) + (-4)/(-8). Let f be (44/(-8))/(j/8). Calculate the highest common divisor of 33 and f.
11
Let b be ((-285)/10)/((-1)/(-2)). Let u = -36 - b. What is the highest common factor of 7 and u?
7
Suppose -5*c - 4*t + 12 = 0, -2*c + 7 = -t - 3. Let a be 1/((-4)/(-12)) + 17. What is the highest common divisor of c and a?
4
Suppose 4*t + 14 = 3*u - u, -u + t = -9. Suppose 0 = 5*n + u - 1. Let s be ((-207)/n)/(8/16). What is the greatest common factor of s and 23?
23
Suppose 0*h + 20 = 2*s - 5*h, 4*h = 0. Calculate the greatest common factor of s and 10.
10
Let y = 2 - 45. Let h = 11 - y. What is the greatest common factor of 6 and h?
6
Let d be (-12)/(-8)*16/6. Suppose 0 = -x + 11 + 22. Suppose x = -h + d*h. What is the greatest common divisor of 11 and h?
11
Let z be (290